 4*r - 2*q + q - 140, 0 = 2*q. Suppose -71*m + 9*m = 3*m - 2470. Calculate the remainder when m is divided by r.
3
Suppose 19118 + 519 = 1146*d - 20473. What is the remainder when d is divided by -2 + -1 - (-2 - 5)?
3
Suppose -70*a + 73*a - 102 = -4*u, 228 = 5*a - 3*u. Let z = 93 - 22. Let k = z - a. What is the remainder when k is divided by 15?
14
Calculate the remainder when 662 is divided by (2 - 492/(-16)) + (-462)/616.
22
Suppose 5*u = 2*j + 1470, 0 = -u + j + 3*j + 294. What is the remainder when u is divided by ((-148)/(-10))/((-28)/(-70))?
35
Suppose -5*z + 30 = 5*f, -3*f + 2*z + 2 = 2*f. Calculate the remainder when (36/(-15))/(f/(-120)) is divided by ((-3480)/(-180))/(4/18*3).
28
Let l(k) = -2*k - 12. Let t(z) = 5*z + 35. Let n(v) = 8*l(v) + 3*t(v). Let c be n(21). Calculate the remainder when 59 is divided by ((-9)/(-1) - c/4) + 0.
11
Let n(l) = 70*l + 1116. Calculate the remainder when n(-12) is divided by 262.
14
Suppose -2*w - 104 = 2*v, 0 = 2*v + 7*w - 6*w + 102. Let g = -45 - v. Suppose -g*h - 10 + 25 = 0. Calculate the remainder when h is divided by 3.
0
Let h = -476 + 479. Suppose -4*s = -3*t + 1489 + 180, -t - h*s + 552 = 0. What is the remainder when t is divided by 31?
28
Let x(q) = 23*q + 5. Let u be x(1). Let p = u + -23. What is the remainder when 30 is divided by p?
0
Let t(w) = -w**3 - w**2 + 14*w. Suppose 13*g - 135 = 8*g. Calculate the remainder when t(-6) is divided by g.
15
Let h(r) = -r**3 + 15*r**2 + 5*r + 69. Let o be h(16). Let g = o + 122. Calculate the remainder when g is divided by 8.
7
Let l(t) = 71*t**2 - 3*t + 6 + 3 - 4 - 6. Let i = 8 + -9. Calculate the remainder when l(i) is divided by 19.
16
Let k = -96 - 177. Let g = 291 + k. What is the remainder when 43 is divided by g?
7
Let k = 7969 - 6776. What is the remainder when k is divided by 237?
8
Let r(g) = g. Let s be r(2). Suppose -4*l = -3*l - s*v + 2, -l = -5*v + 17. Suppose 120*p + 285 = -117*p + 256*p. What is the remainder when p is divided by l?
7
Suppose 9*r + 8*r - 8*r = 1251. Calculate the remainder when 139 is divided by r.
0
Let a(p) = 4*p**3 - 3*p - 2. Let v be a(-2). Let b = 32 - 18. Let r = b - v. Calculate the remainder when r is divided by 22.
20
Let i be 0 - (-3)/(9/6). Let c(q) = 14*q - 5 + 11 - i - 12 + q**2. What is the remainder when c(-19) is divided by 45?
42
Suppose -5*n - 43 = -2*b + 16, 0 = 4*n - 20. Let l = b + -48. Calculate the remainder when ((-8)/(-5))/((-1)/(345/l)) is divided by 31.
30
Suppose 0 = 260*q - 30399 + 6219. Calculate the remainder when q is divided by 66.
27
Let f = -2095 + 2146. What is the remainder when 3311 is divided by f?
47
Suppose -48*u - 30*u = 138*u + 144*u - 5040. What is the remainder when 4/14 - (-670)/7 is divided by u?
12
Suppose -4*a - 20 = -3*x + 37, a - 72 = -5*x. Suppose 0 = 11*t - x*t + 36. Suppose -r + 48 = t. What is the remainder when 116 is divided by r?
38
Suppose -6*x + 26 + 28 = 0. Let b(q) = -18*q - 40. Let s be b(-11). Suppose -5*o + 4*z + s = z, -z = -4. Calculate the remainder when o is divided by x.
7
Suppose 2*g + 3*d - 1014 = -107, 0 = -5*g - 4*d + 2285. Calculate the remainder when g is divided by 2.
1
Suppose -174 = -4*f + k, 5*k = -2*f + k + 78. Calculate the remainder when f is divided by ((0 - -12) + (-1827)/174)/(3/26).
4
Suppose -17 = 10*n - 14*n + i, -4*n + 2*i + 22 = 0. Suppose -4*o = 2*d - 4, 0*d - 5*d = 4*o - 34. What is the remainder when 40 is divided by (n + (-14)/10)*d?
8
Let f be (28/(-4))/((-3)/(-18)). What is the remainder when (-18)/(-6) + (11/(11/82) - 4) is divided by 2*1/(-4)*f?
18
Suppose -167 = -9*q - 144 + 472. Calculate the remainder when 384 is divided by q.
54
Suppose 244 + 233 = 2*t + b, 0 = -t + 2*b + 226. Suppose -145 = -6*p + 143. Calculate the remainder when t is divided by p.
44
Let q = 1947 + -1483. Calculate the remainder when q is divided by 124.
92
Let m(i) = 44 - 8*i - 7*i + 14*i. Let x = -1214 + 1238. What is the remainder when m(0) is divided by x?
20
Let n = 2054 - 1240. What is the remainder when n is divided by 16?
14
Let p = 132 + 148. Let k = p + -250. Calculate the remainder when 148 is divided by k.
28
Calculate the remainder when 12689695/930 - 28/(-24) is divided by 8.
6
Calculate the remainder when 4036 is divided by 2379/91 - 26 - ((-711)/21 - 2).
4
Let i(c) = 20*c + 2. Let s be i(-4). Let j = s + 88. Calculate the remainder when ((-295)/j)/((14/(-4))/7) is divided by 12.
11
Suppose -362*i + 309*i = -2385. Calculate the remainder when 359 is divided by i.
44
Let c(j) = 3*j**3 - 273*j**2 + 47*j - 1928. Calculate the remainder when c(91) is divided by 236.
225
What is the remainder when 436227/99 + (-5)/15 is divided by 116?
114
Let z(b) = b**2 - 34*b + 248. Calculate the remainder when 111 is divided by z(27).
52
Suppose 77*m - 572 = 121. Suppose 4*b + 5*a - 486 = 0, -2*a = 3*b - a - 370. What is the remainder when b is divided by m?
7
Let i = -489 - -671. What is the remainder when 545 is divided by i?
181
Suppose -4*g - f + 779 = 0, -2*g + 171 = -g + 5*f. Suppose 3*m - g = 587. What is the remainder when m is divided by 53?
49
Suppose -6*r = 4*r - 20. Let d(f) = 8 + 12 + 15 + f**3 + r*f + 2*f**2. Calculate the remainder when 137 is divided by d(0).
32
Let v = -7326 - -12730. Calculate the remainder when v is divided by 208.
204
Let l(d) = -d**3 - 21*d**2 + 10*d - 51. Let t be l(-22). Let n = t + -191. Calculate the remainder when 87 is divided by n.
21
Let a(t) = 4*t**2 + 2*t + 4. Suppose -5*p + 0*p + 60 = -5*c, p = -3*c - 4. What is the remainder when a(5) is divided by -3 + 180/5 + p/(-2)?
27
Let s be (6/4)/(12/32). Let u be (7 - s)*28/6. What is the remainder when 35 is divided by (-59)/(-7) - (-8)/u?
8
Calculate the remainder when 5416 is divided by (-152)/380 - (-1)/(-3)*1902/(-10).
61
Let u(n) = -59*n - 9. Let m be u(-2). Let z = m + -43. Calculate the remainder when z is divided by 17.
15
Let u(i) = 38*i - 2314. Calculate the remainder when 340 is divided by u(64).
104
Let f(m) = 11*m**2 - 33*m + 124. Let w(p) = 4*p**2 - 11*p + 41. Let a(g) = 3*f(g) - 8*w(g). What is the remainder when 16 is divided by a(5)?
2
Suppose 0 = d + 5*p + 8, -5*d + 4*d - 3*p = -2. What is the remainder when 2393 is divided by d?
13
Let o(u) = -3*u**2 - 46*u + 17. Let s be o(-14). Suppose 3*t + 2*z - s = 0, 3*z - 5*z = -4*t + 74. Calculate the remainder when t is divided by 12.
9
Let m(x) = -8*x + 59. Let o be m(-6). Suppose 124 = 11*q - o. Calculate the remainder when 79 is divided by q.
16
Suppose 4*o - 3*y + 20 = 0, -5*y - 48 = 5*o - 58. What is the remainder when 52 is divided by ((-60)/27 - o) + 1059/27?
13
Let k(i) = i**3 + 10*i**2 + 5*i - 62. Suppose -2*l = -0*l + 5*v - 184, 4*v - 188 = -2*l. Calculate the remainder when l is divided by k(-8).
24
Let s(i) = i + 22. Let j be s(-14). Let q(a) = -2*a**2 + 20*a - 13. What is the remainder when 68 is divided by q(j)?
11
Suppose -1284 = -9*k + 93. Calculate the remainder when 173 is divided by k.
20
Suppose 7 = -4*x + 19. Suppose -4*s + 4 = 9*o - 7*o, 0 = -x*s - 12. Calculate the remainder when (-4)/o - 654/10*-1 is divided by 17.
14
Let l be (-3420)/(-8) + 2/(-4)*1. Suppose 0 = -6*x + l + 179. What is the remainder when x is divided by 21?
17
Let t(j) = j**3 + 17*j**2 - 428*j + 7. Calculate the remainder when 182 is divided by t(14).
0
Let a(c) = 6*c - 1. Let p = -461 - -586. Suppose -14*h + 1301 = p. Calculate the remainder when h is divided by a(3).
16
Suppose 36*b - 3430 = -1306. Calculate the remainder when 796 is divided by b.
29
Let g be 1 + (-5 - 0) - 55/11. Let k(f) = f**3 + 9*f**2 - 7*f - 5. Calculate the remainder when k(g) is divided by 20.
18
Let n(y) = 24*y**2 + 6*y. Let a be n(-1). Suppose 48 = u - l, -16*u + a*u + l - 102 = 0. Let q = -38 + 59. What is the remainder when u is divided by q?
8
Let y = -17 + 455. Suppose z - 140 + 568 = 5*l, -4*z + y = 5*l. Calculate the remainder when l is divided by 24.
14
Let m be 6*(-5)/10*-3 - 4. Suppose 0 = 3*o + 5*w - 115 - 10, -235 = -m*o + 5*w. What is the remainder when 130 is divided by o?
40
Let r = 25221 - 25200. Calculate the remainder when 314 is divided by r.
20
Let u(n) = -n**2 - 32*n - 72. Let w be u(-32). Let r = w - -129. What is the remainder when 398 is divided by r?
56
Suppose 2*g = -2*g + 56. Suppose 43*m = -42*m